{"id":915,"date":"2025-07-05T02:13:37","date_gmt":"2025-07-05T00:13:37","guid":{"rendered":"https:\/\/wp.stromer-tech.info\/?post_type=ht_kb&#038;p=915"},"modified":"2026-06-22T23:28:15","modified_gmt":"2026-06-22T21:28:15","slug":"energieverbrauch-in-wh-km","status":"publish","type":"ht_kb","link":"https:\/\/wp.stromer-tech.info\/de\/knowledge-base\/energieverbrauch-in-wh-km\/","title":{"rendered":"Energieverbrauch in Wh\/km"},"content":{"rendered":"\n<p class=\"wp-block-paragraph\" id=\"574ce309-78d9-4e9b-bdf4-0ce3fcf4a50b\">Der Energieverbrauch eines S-Pedelecs pro km ist die Summe aller Einflussfaktoren bei einer Fahrt. Man misst dabei die entnommene Energiemenge aus dem Akku und dividiert diese durch die gefahrenen Kilometer. <\/p>\n\n\n\n<h3 id=\"b91dce71-8548-417b-8537-2a5917419412\" class=\"wp-block-heading\">Auswertung aus Foren<\/h3>\n\n\n\n<p class=\"wp-block-paragraph\" id=\"c9d498ce-0ce3-4172-9208-73a1b6b98db1\">In Foren und Facebook-Gruppen werden immer wieder Screenshots von Stromern gepostet, welche die Omni-Fahrtstatistik zeigen. Ich habe jeweils die total gefahrenen Kilometer und durchschnittlichen Energiewerte f\u00fcr die Auswertung herangezogen. So ergibt sich ein Bild, das auch \u00fcber Jahreszeiten und individuelle Fahrprofile hinaus ein statistisches Mittel ergibt. Die Statistik basiert auf 60 Screenshots und zeigt Folgendes:<\/p>\n\n\n\n<figure class=\"wp-block-image size-large\"><img loading=\"lazy\" decoding=\"async\" width=\"1024\" height=\"634\" src=\"https:\/\/wp.stromer-tech.info\/wp-content\/uploads\/2025\/07\/Stromer_Energiebedarf_Wh-km_vs_km-h-2-1024x634.jpg\" alt=\"\" class=\"wp-image-8918\" srcset=\"https:\/\/wp.stromer-tech.info\/wp-content\/uploads\/2025\/07\/Stromer_Energiebedarf_Wh-km_vs_km-h-2-1024x634.jpg 1024w, https:\/\/wp.stromer-tech.info\/wp-content\/uploads\/2025\/07\/Stromer_Energiebedarf_Wh-km_vs_km-h-2-300x186.jpg 300w, https:\/\/wp.stromer-tech.info\/wp-content\/uploads\/2025\/07\/Stromer_Energiebedarf_Wh-km_vs_km-h-2-768x476.jpg 768w, https:\/\/wp.stromer-tech.info\/wp-content\/uploads\/2025\/07\/Stromer_Energiebedarf_Wh-km_vs_km-h-2-50x31.jpg 50w, https:\/\/wp.stromer-tech.info\/wp-content\/uploads\/2025\/07\/Stromer_Energiebedarf_Wh-km_vs_km-h-2-1536x951.jpg 1536w, https:\/\/wp.stromer-tech.info\/wp-content\/uploads\/2025\/07\/Stromer_Energiebedarf_Wh-km_vs_km-h-2-2048x1268.jpg 2048w, https:\/\/wp.stromer-tech.info\/wp-content\/uploads\/2025\/07\/Stromer_Energiebedarf_Wh-km_vs_km-h-2-18x12.jpg 18w, https:\/\/wp.stromer-tech.info\/wp-content\/uploads\/2025\/07\/Stromer_Energiebedarf_Wh-km_vs_km-h-2-60x37.jpg 60w, https:\/\/wp.stromer-tech.info\/wp-content\/uploads\/2025\/07\/Stromer_Energiebedarf_Wh-km_vs_km-h-2-100x62.jpg 100w\" sizes=\"auto, (max-width: 1024px) 100vw, 1024px\" \/><\/figure>\n\n\n\n<p class=\"wp-block-paragraph\">W\u00e4hrend sich der Energieverbrauch bez\u00fcglich der gefahrenen Gesamtkilometern linear entwickelt, scheinen Stromerfahrer, je mehr sie fahren, desto schneller unterwegs zu sein.<\/p>\n\n\n\n<p class=\"wp-block-ht-blocks-messages wp-block-hb-message wp-block-hb-message--withicon is-style-info\"><strong>\u00d8 Energieverbrauch: 12.9 Wh\/km<br><br><\/strong>Bereich: 6.6 Wh\/km* bis 17.9 Wh\/km**<strong><br><br><\/strong>*3&#8217;535 km | \u00d8 v: 26.4 km\/h<br>**3\u2018311 km | \u00d8 v: 32.1 km\/h<\/p>\n\n\n\n<p class=\"wp-block-paragraph\" id=\"abbd07bb-a4a9-4d57-9bf7-fe7eee0a853c\">Es stellt sich noch die Frage: \u201eGibt es einen Zusammenhang zwischen Energieverbrauch und Geschwindigkeit?&#8220; Die Antwort heisst Ja, und das geht klar aus dem Diagramm hervor.<\/p>\n\n\n\n<figure class=\"wp-block-image size-large\"><img loading=\"lazy\" decoding=\"async\" width=\"1024\" height=\"495\" src=\"https:\/\/wp.stromer-tech.info\/wp-content\/uploads\/2025\/07\/Stromer_Energieverbrauch_vs_Geschwindigkeit-1024x495.jpg\" alt=\"\" class=\"wp-image-8906\" srcset=\"https:\/\/wp.stromer-tech.info\/wp-content\/uploads\/2025\/07\/Stromer_Energieverbrauch_vs_Geschwindigkeit-1024x495.jpg 1024w, https:\/\/wp.stromer-tech.info\/wp-content\/uploads\/2025\/07\/Stromer_Energieverbrauch_vs_Geschwindigkeit-300x145.jpg 300w, https:\/\/wp.stromer-tech.info\/wp-content\/uploads\/2025\/07\/Stromer_Energieverbrauch_vs_Geschwindigkeit-768x371.jpg 768w, https:\/\/wp.stromer-tech.info\/wp-content\/uploads\/2025\/07\/Stromer_Energieverbrauch_vs_Geschwindigkeit-50x24.jpg 50w, https:\/\/wp.stromer-tech.info\/wp-content\/uploads\/2025\/07\/Stromer_Energieverbrauch_vs_Geschwindigkeit-1536x743.jpg 1536w, https:\/\/wp.stromer-tech.info\/wp-content\/uploads\/2025\/07\/Stromer_Energieverbrauch_vs_Geschwindigkeit-2048x990.jpg 2048w, https:\/\/wp.stromer-tech.info\/wp-content\/uploads\/2025\/07\/Stromer_Energieverbrauch_vs_Geschwindigkeit-18x9.jpg 18w, https:\/\/wp.stromer-tech.info\/wp-content\/uploads\/2025\/07\/Stromer_Energieverbrauch_vs_Geschwindigkeit-60x29.jpg 60w, https:\/\/wp.stromer-tech.info\/wp-content\/uploads\/2025\/07\/Stromer_Energieverbrauch_vs_Geschwindigkeit-100x48.jpg 100w\" sizes=\"auto, (max-width: 1024px) 100vw, 1024px\" \/><\/figure>\n\n\n\n<p class=\"wp-block-paragraph\" id=\"1cd58b3a-ee2b-43b0-b3e9-d3ce6b673d2e\">Im Electricbikereview-Forum wurde eine schon etwas \u00e4ltere Tabelle zu Verbr\u00e4uchen &amp; Reichweiten bei S-Pedelecs von Stromer ver\u00f6ffentlicht.\u00a0<a href=\"https:\/\/forums.electricbikereview.com\/threads\/stromer-energy-consumption-data.54138\/#post-622101\" target=\"_blank\" rel=\"noreferrer noopener\">Hier<\/a>\u00a0geht es zum entsprechenden Post.<\/p>\n\n\n\n<h3 id=\"c56d4d68-a89e-40be-9e1b-904ec7becf39\" class=\"wp-block-heading\">Eigene Erfahrung<\/h3>\n\n\n\n<p class=\"wp-block-paragraph\" id=\"3e909464-6a08-4e4d-9aa8-8bb02937a412\">Bei meinem ST2 &amp; ST3 habe ich \u00fcber 4 Jahre die Zahlen aus der Fahrtstatistik des Omni notiert. Diese sind zwar auch nicht die 100-prozentige Wahrheit, erm\u00f6glichen aber eine Einsch\u00e4tzung. Etwa 85 % der Statistik stammen vom Pendeln, der Rest waren gem\u00fctliche Tourenfahrten.<\/p>\n\n\n\n<p class=\"wp-block-ht-blocks-messages wp-block-hb-message wp-block-hb-message--withicon is-style-info\"><strong>\u00d8 Energieverbrauch: 13.6 Wh\/km<\/strong><br><br>Stromer: ST2 und ST3, meist \u201eAll-In&#8220; = 100 % Drehmomentsensor und Fahrstufe 3<br>Systemgewicht: 130 kg<br>Durchschnittsgeschwindigkeit: 31.8 km\/h<br>H\u00f6henmeter\/Strecke: Pendelstrecke 40 km \/ 550 Hm \/ l\u00e4ndlich<br>Messzeitraum: Aug. 2018 &#8211; Dez. 2022, Sommer &amp; Winter<br>Gefahrene Strecke: 25&#8217;800 km<\/p>\n\n\n\n<p class=\"wp-block-paragraph\" id=\"c2b90b70-2e5d-4d84-84da-3d42ce73d827\"><strong>Zusammengefasst: <\/strong>Der Energieverbrauch ist wesentlich vom Fahrstil, der Trittfrequenz, den jeweils gefahrenen Streckenprofilen, den Einstellungen des Drehmomentsensors im Omni und letztendlich auch vom gefahrenen Stromer abh\u00e4ngid. F\u00e4hrt man \u201eAll-In&#8220; und immer am m\u00f6glichen Tempolimit k\u00f6nnen die Verbr\u00e4uche gegen 18 Wh\/km ansteigen. Nimmt man es gem\u00fctlich und senkt die \u00d8-Geschwindigkeit unter 30 km\/h, sind auch einstellige Wh\/km m\u00f6glich.<\/p>\n\n\n\n<p class=\"wp-block-paragraph\" id=\"2b60b771-d12d-43ff-8557-f832ebb99389\"><a href=\"https:\/\/wp.stromer-tech.info\/knowledge-base\/allgemein\/\" data-type=\"ht_kb\" data-id=\"906\">Siehe<\/a> hier auch das Thema:\u00a0REICHWEITE &#8211;<em> ,Allgemein&#8216;<\/em><\/p>\n\n\n\n<p class=\"wp-block-paragraph\"><\/p>\n","protected":false},"excerpt":{"rendered":"<p>Der Energieverbrauch eines S-Pedelecs pro km ist die Summe aller Einflussfaktoren bei einer Fahrt. Man misst dabei die entnommene Energiemenge aus dem Akku und dividiert diese durch die gefahrenen Kilometer. Auswertung aus Foren In Foren und Facebook-Gruppen werden immer wieder Screenshots von Stromern gepostet, welche die Omni-Fahrtstatistik zeigen. Ich habe&#8230;<\/p>\n","protected":false},"author":1,"comment_status":"open","ping_status":"closed","template":"","format":"standard","meta":{"footnotes":""},"ht-kb-category":[106],"ht-kb-tag":[],"class_list":["post-915","ht_kb","type-ht_kb","status-publish","format-standard","hentry","ht_kb_category-reichweite"],"_links":{"self":[{"href":"https:\/\/wp.stromer-tech.info\/de\/wp-json\/wp\/v2\/ht-kb\/915","targetHints":{"allow":["GET"]}}],"collection":[{"href":"https:\/\/wp.stromer-tech.info\/de\/wp-json\/wp\/v2\/ht-kb"}],"about":[{"href":"https:\/\/wp.stromer-tech.info\/de\/wp-json\/wp\/v2\/types\/ht_kb"}],"author":[{"embeddable":true,"href":"https:\/\/wp.stromer-tech.info\/de\/wp-json\/wp\/v2\/users\/1"}],"replies":[{"embeddable":true,"href":"https:\/\/wp.stromer-tech.info\/de\/wp-json\/wp\/v2\/comments?post=915"}],"version-history":[{"count":23,"href":"https:\/\/wp.stromer-tech.info\/de\/wp-json\/wp\/v2\/ht-kb\/915\/revisions"}],"predecessor-version":[{"id":11864,"href":"https:\/\/wp.stromer-tech.info\/de\/wp-json\/wp\/v2\/ht-kb\/915\/revisions\/11864"}],"wp:attachment":[{"href":"https:\/\/wp.stromer-tech.info\/de\/wp-json\/wp\/v2\/media?parent=915"}],"wp:term":[{"taxonomy":"ht_kb_category","embeddable":true,"href":"https:\/\/wp.stromer-tech.info\/de\/wp-json\/wp\/v2\/ht-kb-category?post=915"},{"taxonomy":"ht_kb_tag","embeddable":true,"href":"https:\/\/wp.stromer-tech.info\/de\/wp-json\/wp\/v2\/ht-kb-tag?post=915"}],"curies":[{"name":"wp","href":"https:\/\/api.w.org\/{rel}","templated":true}]}}

<p class="wp-block-paragraph" id="574ce309-78d9-4e9b-bdf4-0ce3fcf4a50b">Der Energieverbrauch eines S-Pedelecs pro km ist die Summe aller Einflussfaktoren bei einer Fahrt. Man misst dabei die entnommene Energiemenge aus dem Akku und dividiert diese durch die gefahrenen Kilometer. </p>



<h3 id="b91dce71-8548-417b-8537-2a5917419412" class="wp-block-heading">Auswertung aus Foren</h3>



<p class="wp-block-paragraph" id="c9d498ce-0ce3-4172-9208-73a1b6b98db1">In Foren und Facebook-Gruppen werden immer wieder Screenshots von Stromern gepostet, welche die Omni-Fahrtstatistik zeigen. Ich habe jeweils die total gefahrenen Kilometer und durchschnittlichen Energiewerte für die Auswertung herangezogen. So ergibt sich ein Bild, das auch über Jahreszeiten und individuelle Fahrprofile hinaus ein statistisches Mittel ergibt. Die Statistik basiert auf 60 Screenshots und zeigt Folgendes:</p>



<figure class="wp-block-image size-large"><img loading="lazy" decoding="async" width="1024" height="634" src="https://wp.stromer-tech.info/wp-content/uploads/2025/07/Stromer_Energiebedarf_Wh-km_vs_km-h-2-1024x634.jpg" alt="" class="wp-image-8918" srcset="https://wp.stromer-tech.info/wp-content/uploads/2025/07/Stromer_Energiebedarf_Wh-km_vs_km-h-2-1024x634.jpg 1024w, https://wp.stromer-tech.info/wp-content/uploads/2025/07/Stromer_Energiebedarf_Wh-km_vs_km-h-2-300x186.jpg 300w, https://wp.stromer-tech.info/wp-content/uploads/2025/07/Stromer_Energiebedarf_Wh-km_vs_km-h-2-768x476.jpg 768w, https://wp.stromer-tech.info/wp-content/uploads/2025/07/Stromer_Energiebedarf_Wh-km_vs_km-h-2-50x31.jpg 50w, https://wp.stromer-tech.info/wp-content/uploads/2025/07/Stromer_Energiebedarf_Wh-km_vs_km-h-2-1536x951.jpg 1536w, https://wp.stromer-tech.info/wp-content/uploads/2025/07/Stromer_Energiebedarf_Wh-km_vs_km-h-2-2048x1268.jpg 2048w, https://wp.stromer-tech.info/wp-content/uploads/2025/07/Stromer_Energiebedarf_Wh-km_vs_km-h-2-18x12.jpg 18w, https://wp.stromer-tech.info/wp-content/uploads/2025/07/Stromer_Energiebedarf_Wh-km_vs_km-h-2-60x37.jpg 60w, https://wp.stromer-tech.info/wp-content/uploads/2025/07/Stromer_Energiebedarf_Wh-km_vs_km-h-2-100x62.jpg 100w" sizes="auto, (max-width: 1024px) 100vw, 1024px" /></figure>



<p class="wp-block-paragraph">Während sich der Energieverbrauch bezüglich der gefahrenen Gesamtkilometern linear entwickelt, scheinen Stromerfahrer, je mehr sie fahren, desto schneller unterwegs zu sein.</p>



<p class="wp-block-ht-blocks-messages wp-block-hb-message wp-block-hb-message--withicon is-style-info"><strong>Ø Energieverbrauch: 12.9 Wh/km<br><br></strong>Bereich: 6.6 Wh/km* bis 17.9 Wh/km**<strong><br><br></strong>*3&#8217;535 km | Ø v: 26.4 km/h<br>**3‘311 km | Ø v: 32.1 km/h</p>



<p class="wp-block-paragraph" id="abbd07bb-a4a9-4d57-9bf7-fe7eee0a853c">Es stellt sich noch die Frage: „Gibt es einen Zusammenhang zwischen Energieverbrauch und Geschwindigkeit?&#8220; Die Antwort heisst Ja, und das geht klar aus dem Diagramm hervor.</p>



<figure class="wp-block-image size-large"><img loading="lazy" decoding="async" width="1024" height="495" src="https://wp.stromer-tech.info/wp-content/uploads/2025/07/Stromer_Energieverbrauch_vs_Geschwindigkeit-1024x495.jpg" alt="" class="wp-image-8906" srcset="https://wp.stromer-tech.info/wp-content/uploads/2025/07/Stromer_Energieverbrauch_vs_Geschwindigkeit-1024x495.jpg 1024w, https://wp.stromer-tech.info/wp-content/uploads/2025/07/Stromer_Energieverbrauch_vs_Geschwindigkeit-300x145.jpg 300w, https://wp.stromer-tech.info/wp-content/uploads/2025/07/Stromer_Energieverbrauch_vs_Geschwindigkeit-768x371.jpg 768w, https://wp.stromer-tech.info/wp-content/uploads/2025/07/Stromer_Energieverbrauch_vs_Geschwindigkeit-50x24.jpg 50w, https://wp.stromer-tech.info/wp-content/uploads/2025/07/Stromer_Energieverbrauch_vs_Geschwindigkeit-1536x743.jpg 1536w, https://wp.stromer-tech.info/wp-content/uploads/2025/07/Stromer_Energieverbrauch_vs_Geschwindigkeit-2048x990.jpg 2048w, https://wp.stromer-tech.info/wp-content/uploads/2025/07/Stromer_Energieverbrauch_vs_Geschwindigkeit-18x9.jpg 18w, https://wp.stromer-tech.info/wp-content/uploads/2025/07/Stromer_Energieverbrauch_vs_Geschwindigkeit-60x29.jpg 60w, https://wp.stromer-tech.info/wp-content/uploads/2025/07/Stromer_Energieverbrauch_vs_Geschwindigkeit-100x48.jpg 100w" sizes="auto, (max-width: 1024px) 100vw, 1024px" /></figure>



<p class="wp-block-paragraph" id="1cd58b3a-ee2b-43b0-b3e9-d3ce6b673d2e">Im Electricbikereview-Forum wurde eine schon etwas ältere Tabelle zu Verbräuchen &amp; Reichweiten bei S-Pedelecs von Stromer veröffentlicht. <a href="https://forums.electricbikereview.com/threads/stromer-energy-consumption-data.54138/#post-622101" target="_blank" rel="noreferrer noopener">Hier</a> geht es zum entsprechenden Post.</p>



<h3 id="c56d4d68-a89e-40be-9e1b-904ec7becf39" class="wp-block-heading">Eigene Erfahrung</h3>



<p class="wp-block-paragraph" id="3e909464-6a08-4e4d-9aa8-8bb02937a412">Bei meinem ST2 &amp; ST3 habe ich über 4 Jahre die Zahlen aus der Fahrtstatistik des Omni notiert. Diese sind zwar auch nicht die 100-prozentige Wahrheit, ermöglichen aber eine Einschätzung. Etwa 85 % der Statistik stammen vom Pendeln, der Rest waren gemütliche Tourenfahrten.</p>



<p class="wp-block-ht-blocks-messages wp-block-hb-message wp-block-hb-message--withicon is-style-info"><strong>Ø Energieverbrauch: 13.6 Wh/km</strong><br><br>Stromer: ST2 und ST3, meist „All-In&#8220; = 100 % Drehmomentsensor und Fahrstufe 3<br>Systemgewicht: 130 kg<br>Durchschnittsgeschwindigkeit: 31.8 km/h<br>Höhenmeter/Strecke: Pendelstrecke 40 km / 550 Hm / ländlich<br>Messzeitraum: Aug. 2018 &#8211; Dez. 2022, Sommer &amp; Winter<br>Gefahrene Strecke: 25&#8217;800 km</p>



<p class="wp-block-paragraph" id="c2b90b70-2e5d-4d84-84da-3d42ce73d827"><strong>Zusammengefasst: </strong>Der Energieverbrauch ist wesentlich vom Fahrstil, der Trittfrequenz, den jeweils gefahrenen Streckenprofilen, den Einstellungen des Drehmomentsensors im Omni und letztendlich auch vom gefahrenen Stromer abhängid. Fährt man „All-In&#8220; und immer am möglichen Tempolimit können die Verbräuche gegen 18 Wh/km ansteigen. Nimmt man es gemütlich und senkt die Ø-Geschwindigkeit unter 30 km/h, sind auch einstellige Wh/km möglich.</p>



<p class="wp-block-paragraph" id="2b60b771-d12d-43ff-8557-f832ebb99389"><a href="https://wp.stromer-tech.info/knowledge-base/allgemein/" data-type="ht_kb" data-id="906">Siehe</a> hier auch das Thema: REICHWEITE &#8211;<em> ,Allgemein&#8216;</em></p>



<p class="wp-block-paragraph"></p>
