{"id":1814,"date":"2025-07-09T14:39:01","date_gmt":"2025-07-09T12:39:01","guid":{"rendered":"https:\/\/wp.stromer-tech.info\/?post_type=ht_kb&#038;p=1814"},"modified":"2025-07-20T00:38:12","modified_gmt":"2025-07-19T22:38:12","slug":"st7-cannot-be-switched-on","status":"publish","type":"ht_kb","link":"https:\/\/wp.stromer-tech.info\/en\/knowledge-base\/st7-laesst-sich-nicht-einschalten\/","title":{"rendered":"ST7 - cannot be switched on"},"content":{"rendered":"<p class=\"wp-block-paragraph\" id=\"d7fc30fe-ec57-4cac-a9f9-b227ee6ba992\">In spedepedelecreview.com the user writes <a href=\"https:\/\/www.speedpedelecreview.com\/forum\/de\/viewtopic.php?p=142934#p142934\" target=\"_blank\" rel=\"noreferrer noopener\">Lankram<\/a>:<\/p>\n\n\n\n<blockquote class=\"wp-block-quote is-layout-flow wp-block-quote-is-layout-flow\" style=\"font-size:15px\">\n<p class=\"wp-block-paragraph\">I have discussed this with my dealer. The cause lies in the battery. The system needs 10 V to start and this is obviously not being passed on somehow. By connecting the charger, the 10V is available again and the bike works again. My dealer advised me to keep an eye on it (how could I miss it, haha). In any case, have it noted in the system that this is happening. My advice is to report this to your dealer as well. I don't have an error code displayed on the screen, do I? And take your charger with you, as you won't be able to open the battery compartment without it and it will be a walk in the park. Regards Markus<\/p>\n<\/blockquote>\n\n\n\n<p class=\"wp-block-paragraph\">Unfortunately, no solution has been published. I suspect that the problem may have been caused by a dirty battery socket or a metal particle.<\/p>\n\n\n\n<p class=\"wp-block-paragraph\"><\/p>","protected":false},"excerpt":{"rendered":"<p>Im spedepedelecreview.com schreibt der user Lankram: Ich habe das mit meinem H\u00e4ndler besprochen. Die Ursache liegt in der Batterie. Das System ben\u00f6tigt 10 V zum Starten und das wird offenbar irgendwie nicht weitergegeben. Durch Anschlie\u00dfen des Ladeger\u00e4ts stehen die 10V wieder zur Verf\u00fcgung und das Fahrrad funktioniert wieder. Mein H\u00e4ndler&#8230;<\/p>","protected":false},"author":1,"comment_status":"open","ping_status":"closed","template":"","format":"standard","meta":{"footnotes":""},"ht-kb-category":[211],"ht-kb-tag":[],"class_list":["post-1814","ht_kb","type-ht_kb","status-publish","format-standard","hentry","ht_kb_category-p-diverses"],"_links":{"self":[{"href":"https:\/\/wp.stromer-tech.info\/en\/wp-json\/wp\/v2\/ht-kb\/1814","targetHints":{"allow":["GET"]}}],"collection":[{"href":"https:\/\/wp.stromer-tech.info\/en\/wp-json\/wp\/v2\/ht-kb"}],"about":[{"href":"https:\/\/wp.stromer-tech.info\/en\/wp-json\/wp\/v2\/types\/ht_kb"}],"author":[{"embeddable":true,"href":"https:\/\/wp.stromer-tech.info\/en\/wp-json\/wp\/v2\/users\/1"}],"replies":[{"embeddable":true,"href":"https:\/\/wp.stromer-tech.info\/en\/wp-json\/wp\/v2\/comments?post=1814"}],"version-history":[{"count":6,"href":"https:\/\/wp.stromer-tech.info\/en\/wp-json\/wp\/v2\/ht-kb\/1814\/revisions"}],"predecessor-version":[{"id":3692,"href":"https:\/\/wp.stromer-tech.info\/en\/wp-json\/wp\/v2\/ht-kb\/1814\/revisions\/3692"}],"wp:attachment":[{"href":"https:\/\/wp.stromer-tech.info\/en\/wp-json\/wp\/v2\/media?parent=1814"}],"wp:term":[{"taxonomy":"ht_kb_category","embeddable":true,"href":"https:\/\/wp.stromer-tech.info\/en\/wp-json\/wp\/v2\/ht-kb-category?post=1814"},{"taxonomy":"ht_kb_tag","embeddable":true,"href":"https:\/\/wp.stromer-tech.info\/en\/wp-json\/wp\/v2\/ht-kb-tag?post=1814"}],"curies":[{"name":"wp","href":"https:\/\/api.w.org\/{rel}","templated":true}]}}

<p>Im spedepedelecreview.com schreibt der user Lankram: Ich habe das mit meinem Händler besprochen. Die Ursache liegt in der Batterie. Das System benötigt 10 V zum Starten und das wird offenbar irgendwie nicht weitergegeben. Durch Anschließen des Ladegeräts stehen die 10V wieder zur Verfügung und das Fahrrad funktioniert wieder. Mein Händler&#8230;</p>
