{"id":1083,"date":"2025-07-06T14:19:50","date_gmt":"2025-07-06T12:19:50","guid":{"rendered":"https:\/\/wp.stromer-tech.info\/?post_type=ht_kb&#038;p=1083"},"modified":"2026-06-01T00:34:25","modified_gmt":"2026-05-31T22:34:25","slug":"bagagedrager-met-veerklep","status":"publish","type":"ht_kb","link":"https:\/\/wp.stromer-tech.info\/nl_nl\/knowledge-base\/gepaecktraeger-federklappe\/","title":{"rendered":"Bagagedrager - veerklep"},"content":{"rendered":"<p class=\"wp-block-paragraph\" id=\"480096ee-d30e-4c37-a2fd-8eb88138eea5\">Voor de <a href=\"https:\/\/shop.stromer-bike.de\/products\/carrier-stromer-27-5-c4?variant=56257187578200\">Stromer Bagagedrager Racktime-C4<\/a> (27,5\u2033 modellen) is er ook een veerluik, zoals u die kent van Biobikes. De nogal lompe naam is <a href=\"https:\/\/www.velofactory.ch\/Racktime-Adapter-Clamp-it-schwarz-fuer-das-Model-Light-it?gad_source=1&amp;gclid=Cj0KCQjwv_m-BhC4ARIsAIqNeBsKZ5apI6YJfTq6gWxRYLRaS6_yAeDf4VwFUfgrlxSBw7cUsx7sODIaAhklEALw_wcB\" target=\"_blank\" rel=\"noreferrer noopener\">Racktime Adapter Clamp-it zwart, voor het model Light-it<\/a>.<\/p>\n\n\n\n<p class=\"wp-block-paragraph\" id=\"24e5ba67-4fa7-41b2-ac51-b53973ffd757\">Er zijn verschillende modellen spatborden die weer op verschillende dragers passen. De Stromer Racktime bagagedrager is alleen compatibel met de <a href=\"https:\/\/www.bike-discount.de\/de\/racktime-snap-it-1.0-adapter\">Snap-it-1.0-Adapter<\/a> en de bijbehorende <a href=\"https:\/\/www.bike-discount.de\/de\/racktime-clamp-it-federklappe-20102761-20204280?delivery=CHE&amp;currency=EUR&amp;srsltid=AfmBOoryidFQSPwe6_o1aV3lPdkmZzv4xgAkmXm4FmycFil6e88mSYhbwLM\">Veerklep<\/a> \u201ecompatibel\u201c. De Snap-it 2.0 (met de veerdoppen Clamp-it 2.0) past niet.<\/p>\n\n\n<div class=\"wp-block-image\">\n<figure class=\"aligncenter is-resized\"><img loading=\"lazy\" decoding=\"async\" width=\"745\" height=\"419\" src=\"https:\/\/wp.stromer-tech.info\/wp-content\/uploads\/2025\/07\/83ac6ae0-4612-403f-a38b-b564496f918f.webp\" alt=\"\" class=\"wp-image-1084\" style=\"width:500px\" srcset=\"https:\/\/wp.stromer-tech.info\/wp-content\/uploads\/2025\/07\/83ac6ae0-4612-403f-a38b-b564496f918f.webp 745w, https:\/\/wp.stromer-tech.info\/wp-content\/uploads\/2025\/07\/83ac6ae0-4612-403f-a38b-b564496f918f-300x169.webp 300w, https:\/\/wp.stromer-tech.info\/wp-content\/uploads\/2025\/07\/83ac6ae0-4612-403f-a38b-b564496f918f-50x28.webp 50w, https:\/\/wp.stromer-tech.info\/wp-content\/uploads\/2025\/07\/83ac6ae0-4612-403f-a38b-b564496f918f-60x34.webp 60w, https:\/\/wp.stromer-tech.info\/wp-content\/uploads\/2025\/07\/83ac6ae0-4612-403f-a38b-b564496f918f-100x56.webp 100w\" sizes=\"auto, (max-width: 745px) 100vw, 745px\" \/><\/figure>\n<\/div>\n\n\n<p class=\"wp-block-ht-blocks-messages wp-block-hb-message wp-block-hb-message--withicon is-style-alert\"><strong>Attentie:<\/strong>&nbsp;Bij Stromermodellen vanaf ongeveer 2019 ontbreekt de middenstijl bij de bagagedrager en dus het scharnierpunt van de veer. Dit kan relatief eenvoudig worden gemonteerd. Bij een montage moet er rekening mee worden gehouden dat er voldoende ruimte is tussen de gemonteerde middenstijl en het spatbord, zodat de houder van het veerflapje kan worden doorgeschoven.<\/p>\n\n\n<div class=\"wp-block-image\">\n<figure class=\"aligncenter is-resized\"><img loading=\"lazy\" decoding=\"async\" width=\"1080\" height=\"549\" src=\"https:\/\/wp.stromer-tech.info\/wp-content\/uploads\/2025\/07\/ab98cc64-b927-47e0-a591-189e91da2c5c.jpg\" alt=\"\" class=\"wp-image-1086\" style=\"width:500px\" srcset=\"https:\/\/wp.stromer-tech.info\/wp-content\/uploads\/2025\/07\/ab98cc64-b927-47e0-a591-189e91da2c5c.jpg 1080w, https:\/\/wp.stromer-tech.info\/wp-content\/uploads\/2025\/07\/ab98cc64-b927-47e0-a591-189e91da2c5c-300x153.jpg 300w, https:\/\/wp.stromer-tech.info\/wp-content\/uploads\/2025\/07\/ab98cc64-b927-47e0-a591-189e91da2c5c-1024x521.jpg 1024w, https:\/\/wp.stromer-tech.info\/wp-content\/uploads\/2025\/07\/ab98cc64-b927-47e0-a591-189e91da2c5c-768x390.jpg 768w, https:\/\/wp.stromer-tech.info\/wp-content\/uploads\/2025\/07\/ab98cc64-b927-47e0-a591-189e91da2c5c-50x25.jpg 50w, https:\/\/wp.stromer-tech.info\/wp-content\/uploads\/2025\/07\/ab98cc64-b927-47e0-a591-189e91da2c5c-60x31.jpg 60w, https:\/\/wp.stromer-tech.info\/wp-content\/uploads\/2025\/07\/ab98cc64-b927-47e0-a591-189e91da2c5c-100x51.jpg 100w\" sizes=\"auto, (max-width: 1080px) 100vw, 1080px\" \/><\/figure>\n<\/div>\n\n\n<p class=\"wp-block-paragraph\" id=\"52cc6807-f1cf-452d-850d-10ca1c16b783\">Een andere optie is om de borgveer in het spatbord te verankeren met een sluitring en een popnagel. (Bron: stromerforum.ch |)&nbsp;<a href=\"https:\/\/www.stromerforum.ch\/showthread.php?tid=4372&amp;pid=39034#pid39034\" target=\"_blank\" rel=\"noreferrer noopener\">Calli<\/a>)<\/p>\n\n\n<div class=\"wp-block-image\">\n<figure class=\"aligncenter is-resized\"><img loading=\"lazy\" decoding=\"async\" width=\"1024\" height=\"563\" src=\"https:\/\/wp.stromer-tech.info\/wp-content\/uploads\/2025\/07\/ee697109-ce9c-4558-90cd-e9509f39ac04.jpg\" alt=\"\" class=\"wp-image-1085\" style=\"width:500px\" srcset=\"https:\/\/wp.stromer-tech.info\/wp-content\/uploads\/2025\/07\/ee697109-ce9c-4558-90cd-e9509f39ac04.jpg 1024w, https:\/\/wp.stromer-tech.info\/wp-content\/uploads\/2025\/07\/ee697109-ce9c-4558-90cd-e9509f39ac04-300x165.jpg 300w, https:\/\/wp.stromer-tech.info\/wp-content\/uploads\/2025\/07\/ee697109-ce9c-4558-90cd-e9509f39ac04-768x422.jpg 768w, https:\/\/wp.stromer-tech.info\/wp-content\/uploads\/2025\/07\/ee697109-ce9c-4558-90cd-e9509f39ac04-50x27.jpg 50w, https:\/\/wp.stromer-tech.info\/wp-content\/uploads\/2025\/07\/ee697109-ce9c-4558-90cd-e9509f39ac04-60x33.jpg 60w, https:\/\/wp.stromer-tech.info\/wp-content\/uploads\/2025\/07\/ee697109-ce9c-4558-90cd-e9509f39ac04-100x55.jpg 100w\" sizes=\"auto, (max-width: 1024px) 100vw, 1024px\" \/><\/figure>\n<\/div>","protected":false},"excerpt":{"rendered":"<p>F\u00fcr den Stromer Racktime-C4-Gep\u00e4cktr\u00e4ger (27,5&#8243; Modelle) gibt es auch eine Federklappe, wie man diese von Biobikes kennt.&nbsp;Der etwas sperrige Name lautet Racktime Adapter Clamp-it schwarz, f\u00fcr das Modell Light-it. Es gibt verschiedene Modelle der Federklappe die wiederum auf unterschiedliche Tr\u00e4ger passen. Der Stromer Racktime Gep\u00e4cktr\u00e4ger ist nur mit dem Snap-it-1.0-Adapter&#8230;<\/p>","protected":false},"author":1,"comment_status":"open","ping_status":"closed","template":"","format":"standard","meta":{"footnotes":""},"ht-kb-category":[122],"ht-kb-tag":[284],"class_list":["post-1083","ht_kb","type-ht_kb","status-publish","format-standard","hentry","ht_kb_category-pimp-my-stromer","ht_kb_tag-federklappe"],"_links":{"self":[{"href":"https:\/\/wp.stromer-tech.info\/nl_nl\/wp-json\/wp\/v2\/ht-kb\/1083","targetHints":{"allow":["GET"]}}],"collection":[{"href":"https:\/\/wp.stromer-tech.info\/nl_nl\/wp-json\/wp\/v2\/ht-kb"}],"about":[{"href":"https:\/\/wp.stromer-tech.info\/nl_nl\/wp-json\/wp\/v2\/types\/ht_kb"}],"author":[{"embeddable":true,"href":"https:\/\/wp.stromer-tech.info\/nl_nl\/wp-json\/wp\/v2\/users\/1"}],"replies":[{"embeddable":true,"href":"https:\/\/wp.stromer-tech.info\/nl_nl\/wp-json\/wp\/v2\/comments?post=1083"}],"version-history":[{"count":12,"href":"https:\/\/wp.stromer-tech.info\/nl_nl\/wp-json\/wp\/v2\/ht-kb\/1083\/revisions"}],"predecessor-version":[{"id":11463,"href":"https:\/\/wp.stromer-tech.info\/nl_nl\/wp-json\/wp\/v2\/ht-kb\/1083\/revisions\/11463"}],"wp:attachment":[{"href":"https:\/\/wp.stromer-tech.info\/nl_nl\/wp-json\/wp\/v2\/media?parent=1083"}],"wp:term":[{"taxonomy":"ht_kb_category","embeddable":true,"href":"https:\/\/wp.stromer-tech.info\/nl_nl\/wp-json\/wp\/v2\/ht-kb-category?post=1083"},{"taxonomy":"ht_kb_tag","embeddable":true,"href":"https:\/\/wp.stromer-tech.info\/nl_nl\/wp-json\/wp\/v2\/ht-kb-tag?post=1083"}],"curies":[{"name":"wp","href":"https:\/\/api.w.org\/{rel}","templated":true}]}}

<p>Für den Stromer Racktime-C4-Gepäckträger (27,5&#8243; Modelle) gibt es auch eine Federklappe, wie man diese von Biobikes kennt.&nbsp;Der etwas sperrige Name lautet Racktime Adapter Clamp-it schwarz, für das Modell Light-it. Es gibt verschiedene Modelle der Federklappe die wiederum auf unterschiedliche Träger passen. Der Stromer Racktime Gepäckträger ist nur mit dem Snap-it-1.0-Adapter&#8230;</p>
